?
1
What is the tens digit of 129632062?
6
What is the thousands digit of 3927201879?
1
What is the units digit of 9167663?
3
What is the thousands digit of 2634595137?
5
What is the hundred thousands digit of 176536930?
5
What is the ten thousands digit of 505339826?
3
What is the millions digit of 691631178?
1
What is the billions digit of 3545619174?
3
What is the tens digit of 30594812?
1
What is the thousands digit of 524288764?
8
What is the units digit of 11712271?
1
What is the hundred millions digit of 253921310?
2
What is the ten thousands digit of 2003213157?
1
What is the hundred thousands digit of 2725174936?
1
What is the hundred thousands digit of 4384988?
3
What is the hundred thousands digit of 2883499270?
4
What is the millions digit of 20120995?
0
What is the units digit of 489495257?
7
What is the ten thousands digit of 270350449?
5
What is the hundreds digit of 22429544?
5
What is the hundreds digit of 8879761116?
1
What is the tens digit of 45766642?
4
What is the units digit of 409840470?
0
What is the units digit of 12370289?
9
What is the hundreds digit of 117531311?
3
What is the units digit of 670864201?
1
What is the millions digit of 1002032124?
2
What is the hundreds digit of 151225177?
1
What is the ten thousands digit of 212531359?
3
What is the units digit of 406412281?
1
What is the ten thousands digit of 73775641?
7
What is the millions digit of 1329620991?
9
What is the hundred thousands digit of 97759964?
7
What is the units digit of 1237625547?
7
What is the tens digit of 179332972?
7
What is the ten thousands digit of 406794696?
9
What is the units digit of 1764993372?
2
What is the thousands digit of 137241397?
1
What is the hundreds digit of 39470253?
2
What is the units digit of 85087976?
6
What is the tens digit of 4828324?
2
What is the hundreds digit of 12453387?
3
What is the millions digit of 52239696?
2
What is the hundred thousands digit of 2006916402?
9
What is the ten thousands digit of 23126279?
2
What is the thousands digit of 297416429?
6
What is the ten thousands digit of 1969687989?
8
What is the ten millions digit of 61218260?
6
What is the hundred thousands digit of 37028168?
0
What is the units digit of 1940083330?
0
What is the hundred millions digit of 135217009?
1
What is the ten millions digit of 64896735?
6
What is the millions digit of 1060809771?
0
What is the ten thousands digit of 50975017?
7
What is the units digit of 20198709?
9
What is the millions digit of 2258536655?
8
What is the thousands digit of 2970926?
0
What is the thousands digit of 85010304?
0
What is the ten thousands digit of 599839433?
3
What is the ten thousands digit of 79120298?
2
What is the units digit of 21696709?
9
What is the units digit of 34818613?
3
What is the hundreds digit of 760278077?
0
What is the millions digit of 23185764?
3
What is the hundred thousands digit of 368502245?
5
What is the thousands digit of 297585486?
5
What is the ten millions digit of 743468754?
4
What is the ten thousands digit of 2619155645?
5
What is the hundreds digit of 43866857?
8
What is the millions digit of 263244856?
3
What is the millions digit of 98068176?
8
What is the ten millions digit of 51530737?
5
What is the thousands digit of 1682542658?
2
What is the thousands digit of 1792997052?
7
What is the units digit of 1785492450?
0
What is the hundreds digit of 5028366170?
1
What is the hundreds digit of 248667878?
8
What is the ten thousands digit of 267139074?
3
What is the hundred thousands digit of 69351719?
3
What is the hundred millions digit of 972646749?
9
What is the ten thousands digit of 27213577?
1
What is the units digit of 34390282?
2
What is the hundred thousands digit of 1516192654?
1
What is the units digit of 31773355?
5
What is the tens digit of 7895722893?
9
What is the ten thousands digit of 59804588?
0
What is the hundred thousands digit of 552348386?
3
What is the tens digit of 612762537?
3
What is the ten thousands digit of 122983158?
8
What is the units digit of 248404953?
3
What is the thousands digit of 5513615?
3
What is the units digit of 377132995?
5
What is the millions digit of 60537062?
0
What is the hundreds digit of 490739864?
8
What is the millions digit of 657300486?
7
What is the tens digit of 59405507?
0
What is the hundreds digit of 45641431?
4
What is the thousands digit of 2960756554?
6
What is the hundreds digit of 463802102?
1
What is the tens digit of 411350494?
9
What is the tens digit of 46715962?
6
What is the tens digit of 21838041?
4
What is the ten millions digit of 6011954539?
1
What is the units digit of 110470703?
3
What is the units digit of 5587103059?
9
What is the units digit of 99219193?
3
What is the ten thousands digit of 5810697654?
9
What is the tens digit of 60573393?
9
What is the units digit of 68446320?
0
What is the hundreds digit of 296592533?
5
What is the units digit of 1270905541?
1
What is the millions digit of 12582238?
2
What is the tens digit of 1361786?
8
What is the units digit of 5404901939?
9
What is the hundred thousands digit of 142113265?
1
What is the thousands digit of 4738471?
8
What is the ten millions digit of 160043745?
6
What is the thousands digit of 88708344?
8
What is the units digit of 36097571?
1
What is the units digit of 297030885?
5
What is the millions digit of 1319922?
1
What is the billions digit of 6283561418?
6
What is the millions digit of 7244467264?
4
What is the thousands digit of 2887779?
7
What is the millions digit of 90694891?
0
What is the hundred thousands digit of 605238039?
2
What is the hundred millions digit of 367989382?
3
What is the thousands digit of 62654066?
4
What is the thousands digit of 184759773?
9
What is the hundreds digit of 365054943?
9
What is the ten millions digit of 1252213038?
5
What is the hundreds digit of 991120690?
6
What is the hundred thousands digit of 2291593657?
5
What is the ten thousands digit of 6775510?
7
What is the hundred thousands digit of 638097889?
0
What is the ten millions digit of 817257806?
1
What is the ten thousands digit of 224452046?
5
What is the tens digit of 1163530325?
2
What is the hundred thousands digit of 2756323593?
3
What is the millions digit of 124893565?
4
What is the tens digit of 61400099?
9
What is the millions digit of 8366101932?
6
What is the hundred millions digit of 400257415?
4
What is the ten thousands digit of 3822480490?
8
What is the thousands digit of 96259714?
9
What is the ten thousands digit of 5250205656?
0
What is the ten millions digit of 28510359?
2
What is the ten thousands digit of 433643270?
4
What is the ten thousands digit of 95670995?
7
What is the units digit of 207593602?
2
What is the hundred thousands digit of 288020851?
0
What is the thousands digit of 950001?
0
What is the hundred thousands digit of 2042345603?
3
What is the hundred millions digit of 100648844?
1
What is the thousands digit of 3623072?
3
What is the tens digit of 48243065?
6
What is the ten thousands digit of 142246673?
4
What is the millions digit of 195225699?
5
What is the ten millions digit of 30234132?
3
What is the tens digit of 223577505?
0
What is the thousands digit of 340481963?
1
What is the thousands digit of 161153330?
3
What is the tens digit of 54049667?
6
What is the hundreds digit of 136927728?
7
What is the hundred millions digit of 456522727?
4
What is the units digit of 147793209?
9
What is the hundred millions digit of 453830312?
4
What is the hundred thousands digit of 628871166?
8
What is the hundred millions digit of 433797038?
4
What is the millions digit of 393063708?
3
What is the thousands digit of 4634593578?
3
What is the units digit of 666865253?
3
What is the hundred millions digit of 4388350025?
3
What is the tens digit of 5305433?
3
What is the hundred millions digit of 292659441?
2
What is the tens digit of 306405369?
6
What is the hundreds digit of 411137154?
1
What is the billions digit of 3449291706?
3
What is the ten millions digit of 174817664?
7
What is the ten thousands digit of 556133874?
3
What is the millions digit of 27841778?
7
What is the millions digit of 60880943?
0
What is the hundred millions digit of 104670574?
1
What is the ten millions digit of 297919785?
9
What is the thousands d